s the remainder when d(-7) is divided by 14?
11
Let c be ((-6)/8)/(6/(-48)). Suppose 4*r + 5*j = 47, -c*j - 115 = -5*r - j. Suppose s + r = 25. Calculate the remainder when 25 is divided by s.
4
Let o = -1944 + 1962. Calculate the remainder when 118 is divided by o.
10
Let x be 5*(1 - (-46)/5). Suppose 4*p - 2*q = 18, -5*q + 9 = 5*p - x. Suppose 0 = -p*d + 9*d - 56. Calculate the remainder when 82 is divided by d.
26
Suppose 0 = -l + 3*h - 6*h + 87, -5*h = 4*l - 334. What is the remainder when l is divided by 14?
11
What is the remainder when 46 is divided by ((-160)/120)/((-2)/(36/1))?
22
Let x be 4/(-2)*(-15)/(-10). Let r(a) = -a**3 + 3*a**2 + 2*a + 3. Calculate the remainder when r(x) is divided by 27.
24
Let g(d) = -d**3 - 4*d**2 + 2*d + 1. Let n be g(-4). Let j(v) = -v - 8. Let x be j(n). What is the remainder when 44 is divided by ((-20)/16)/(x/12)?
14
Suppose 9*l + 5124 = 37*l. What is the remainder when l is divided by 10?
3
Calculate the remainder when 38 is divided by (12 + -9)*2/1.
2
Suppose 4*d = -4*y + 2*y + 30, 5*d - 20 = y. Suppose 177 = y*m + 52. Calculate the remainder when 48 is divided by m.
23
Let u = -137 + 292. Suppose -13*c + 2*a + 108 = -11*c, 2*a + 2 = 0. What is the remainder when u is divided by c?
49
Let b(s) = -12*s + 47. Let m(a) = -7*a + 23. Let u(o) = 3*b(o) - 5*m(o). Let q(d) = d + 1. Let y be q(-1). What is the remainder when 50 is divided by u(y)?
24
Let s(r) = -2*r**3 - 11*r**2 + 3*r + 2. Let t be s(-6). Let f = 34 - t. Calculate the remainder when 39 is divided by f.
11
Let v = 129 + -48. Suppose 2*h - 4*d = 36, -3*h + 9*d = 4*d - 52. What is the remainder when v is divided by h?
11
Let v(b) = -b**3 - 24*b**2 - 26*b - 52. Calculate the remainder when 49 - 0/(1*-2) is divided by v(-23).
15
Let g = 1287 - 1263. Calculate the remainder when 78 is divided by g.
6
Let z = 1238 + -1070. What is the remainder when z is divided by 94?
74
Let c(f) = 59*f**2 + 12*f + 11. Calculate the remainder when c(-1) is divided by 30.
28
Suppose -89 = -2*p + 63. Suppose -5*b = -p - 84. Calculate the remainder when b is divided by 18.
14
Let b = 90 + 40. What is the remainder when b is divided by 35?
25
Let b = 20 - 17. Suppose 0 = -3*l - 3*c + 33, b*c - 7 - 16 = -2*l. What is the remainder when 17 is divided by l?
7
What is the remainder when 297 is divided by (-63)/(-5) - (-7 - 165/(-25))?
11
Let j(c) = c**3 + 28*c**2 + 16*c + 5. Let v(m) = -m**3 - 29*m**2 - 15*m - 4. Let x(p) = -7*j(p) - 6*v(p). What is the remainder when x(-21) is divided by 7?
3
Let i(t) = -t**2 + 13*t + 303. Calculate the remainder when i(-9) is divided by 37.
31
Suppose -a + 1 = -2. Suppose -14*n = -17*n - 12, -4*z = -3*n - 44. Calculate the remainder when z is divided by a.
2
Let m be ((-8)/20)/((-4)/10). Suppose f - m = 0, -19 - 34 = -3*t + f. Suppose 0 = i + 1 - t. Calculate the remainder when 49 is divided by i.
15
Suppose -5*s - 62 + 337 = 0. Let d = s + -28. Let z(k) = -k**2 - 6*k - 1. What is the remainder when d is divided by z(-4)?
6
Suppose 55*y - 192 = 52*y. What is the remainder when y is divided by 17?
13
Let x(z) = 2*z**3 + z**2 + 2*z - 6. Let y be x(-3). Let k = -13 - y. Calculate the remainder when k is divided by 23.
21
Suppose -31 - 9 = -2*n. Suppose -2*u + n = 2*u. Suppose 0 = -0*g + u*g - 5, -5*b + 47 = -3*g. What is the remainder when 18 is divided by b?
8
Suppose 2*g = 141 + 81. What is the remainder when g is divided by (-2*5/2)/(-1) + 23?
27
Suppose 271 = 5*z - 84. Suppose -10*l = 10 - 160. Calculate the remainder when z is divided by l.
11
Let k be (-3)/4*(-288)/108. Let q = k + 47. Calculate the remainder when q is divided by 26.
23
Let b = -226 + 349. Let m = 232 + -211. What is the remainder when b is divided by m?
18
Let x(m) = 8*m - 3. Calculate the remainder when x(2) is divided by (1 - 4)/(4/16*-6).
1
Suppose 4*c - 21 + 5 = 5*v, 4*v = -2*c + 8. Suppose v = 2*g - 6*g + 20. Suppose -18 = -4*q + 2*q. What is the remainder when q is divided by g?
4
Suppose 2*m + 268 = -66. Let d = 89 - m. Calculate the remainder when d is divided by 37.
34
Suppose -375 = 5*r - 960. Suppose -4*o = 3*m - 221, 5*m = o + o - r. Calculate the remainder when 110 is divided by o.
54
Let d(k) = -k**3 + 11*k**2 - 6*k - 28. Let j be d(7). Let p = 131 - j. Calculate the remainder when p is divided by 3.
2
Let z be -2*2/2 + -676. Let a be z/12*(-1 - 1). Let h = a - 70. Calculate the remainder when h is divided by 23.
20
Suppose -9*k + 10*k = 106. Calculate the remainder when k is divided by 55.
51
Let s = -661 - -677. Calculate the remainder when 31 is divided by s.
15
What is the remainder when 148 is divided by 3228/90 + (-40)/(-300)?
4
Suppose -870 = -3*o - 207. What is the remainder when o is divided by 2*(-1)/((-16)/296)?
36
Let t(u) = -2*u**2 - 11*u + 10. Let r be t(-6). Let q(h) = h - 3. Calculate the remainder when 1 is divided by q(r).
0
Let u(t) = t + 33. Calculate the remainder when 48 is divided by u(-26).
6
Let i = -482 + 566. Calculate the remainder when 249 is divided by i.
81
Suppose -2*l - 4*y - 14 = 0, -l + 5*y = 2*y - 13. Calculate the remainder when l*(-44)/(-1) + 0 is divided by ((-1)/(-3))/(2 + 274/(-138)).
21
Suppose 0 = -18*q + 95 + 337. Calculate the remainder when 239 is divided by q.
23
Let a be (10 - 1)*(-2)/(-3). Suppose 44 = 5*j - 46. Calculate the remainder when j is divided by 132/28 + a/21.
3
Calculate the remainder when (-3 - 0) + 72*7/7 is divided by 59.
10
Let n = 87 - 44. Let r = -26 + 61. Suppose 242 = -24*o + r*o. What is the remainder when n is divided by o?
21
Calculate the remainder when 18 is divided by (14 + -4)*(-4 - (-48)/10).
2
Let y be 4520/(-60)*(-3)/2. Let i = y + -111. What is the remainder when 4 is divided by i?
0
Let d(h) = -h**2 + 6*h + 97. Calculate the remainder when d(0) is divided by 25.
22
Let k = -17 + 24. Suppose -28 = -h - a, 3*a - k*a = 5*h - 145. Suppose -16*f = -11*f - 85. Calculate the remainder when h is divided by f.
16
Suppose 81 = 4*m - 63. Suppose -12*q + 4*q + 208 = 0. Suppose -17*u + q = -15*u. What is the remainder when m is divided by u?
10
Let q = -113 - -99. Calculate the remainder when 4/q - (-1146)/(-84)*-2 is divided by 7.
6
Let l = -5611 + 5616. Let w = -4 + 7. Calculate the remainder when l is divided by w.
2
Suppose 0 = -3*i + 4*m - 2*m + 267, -282 = -3*i - 3*m. What is the remainder when i is divided by 23?
22
Let r(d) = d + 45. Let m(w) = -9*w - 54. Let q be m(-6). Let i(y) = 2*y**2 + 8*y + 6. Calculate the remainder when r(q) is divided by i(-5).
13
Let t = 2048 - 2036. Calculate the remainder when 1042 is divided by t.
10
Suppose v - 301 = -45. Suppose v = 37*s - 33*s. What is the remainder when s is divided by 34?
30
Let n(t) = 6*t**2 - 2*t**3 - 1 + 5*t**3 + 0*t**3 + t - 4*t**3. Calculate the remainder when 55 is divided by n(5).
26
Let z = 752 - 734. What is the remainder when 609 is divided by z?
15
Let d(g) = 53*g**3 - 2*g**2 + 4*g - 2. Suppose 0 = -5*j - 20, 2*i = 2*j - 5*j + 42. What is the remainder when d(1) is divided by i?
26
Let t = 59 - 27. What is the remainder when 6 - 55*(-7 - -6) is divided by t?
29
Suppose 2*g = 7*c - 3*c - 8, 0 = -5*g - 2*c + 28. Calculate the remainder when 158 is divided by g.
2
Let r be (-3)/1 - (-30)/10. Suppose -f + 6*f + 5*v = 45, r = -2*f + v + 21. What is the remainder when 16 is divided by f?
6
Let j(o) = 2*o**2 + 21*o - 9*o - 6*o**3 - 12*o. Calculate the remainder when j(-2) is divided by 20.
16
Suppose 46 = -c + 5*c - 3*v, -2*c + 5*v + 16 = 0. What is the remainder when (39/(-20) + (-21)/(-28))*(-1200)/72 is divided by c?
7
Let t = -13 - -15. Calculate the remainder when 10*3/(6/t) is divided by 2.
0
Suppose 0 = d + 3 - 12. Suppose 3*f + a = 6*a - 9, -4*a + 3 = -f. What is the remainder when (3/3)/f + (-67)/(-3) is divided by d?
4
Suppose -6*s = -2*s - 144. Let f = s + 33. What is the remainder when f is divided by ((-18)/7)/((-4)/28)?
15
Let f = -8 - -14. Suppose 5*r = 2*r - f. Calculate the remainder when 6 is divided by r*-3*4/6.
2
Suppose 0 = -4*k + 33 + 31. Suppose -r + 4 = 0, -y - r = y - 84. What is the remainder when y is divided by k?
8
Let h be 168/20*10/2. What is the remainder when 30 is divided by h/5 - (-40)/(-100)?
6
Suppose -4*m = 0, -29*m + 24*m + 735 = 5*f. Calculate the remainder when f is divided by 5